) = 20*f**3 + f**2 + f - 2. Calculate the remainder when y(1) is divided by 3.
2
What is the remainder when 12/(-2)*((-935)/10)/11 is divided by 14?
9
Let j = -8 - -18. Let h = -188 + 193. What is the remainder when j is divided by h?
0
Let k = -93 + 101. Calculate the remainder when 30 is divided by k.
6
Suppose 2*s + 1 = -3*q, -4*q - 13 = -0*q + 5*s. Suppose -4*n + 16 = -3*n. Calculate the remainder when n is divided by 1 + q/(-3) + 6.
4
Let c(f) = f**3 - 13*f**2 - 29*f + 21. Let k = -176 - -247. What is the remainder when k is divided by c(15)?
35
Suppose l - 4*p + 17 = -p, 4*l + 29 = -p. Let o = -4 - l. Suppose 69 = o*i - i. What is the remainder when i is divided by 12?
11
Let b(s) = -2*s**3 - 3*s**2 - 3*s - 1. Calculate the remainder when b(-4) is divided by 23.
22
Let u be ((-1)/(-3))/(3/72). Let x(b) = b**2 - 7*b + 4. Calculate the remainder when 34 is divided by x(u).
10
Let i = -10 - -5. Let y = i + 9. Let z = -6 - -13. Calculate the remainder when z is divided by y.
3
Suppose -5*m - 43 = -3*z - 3*m, 3*z = -4*m + 31. Calculate the remainder when 25 is divided by z.
12
What is the remainder when ((-2)/5)/((-4)/720) is divided by 15?
12
Let s be -1 + (2 + 1 - -1). Suppose 43 + 10 = 2*g - c, s*c + 84 = 3*g. Calculate the remainder when 97 is divided by g.
22
Let c(g) = -g**3 + 8*g**2 - 8*g + 6. Suppose -4*k = -5*k. Suppose y + y - 32 = k. What is the remainder when c(6) is divided by y?
14
Calculate the remainder when (32/24)/((-4)/(-216)) is divided by 21.
9
Suppose 9*g + 0*g = 72. Let k(a) = -29*a**3 - a**2 - 2*a - 1. What is the remainder when k(-1) is divided by g?
5
Let u be -1 + (-1 - 2/2). Let g be (-2 + 8)/u*-1. Suppose 27 = s + g*s. Calculate the remainder when 16 is divided by s.
7
What is the remainder when 44 is divided by (144/20)/((-6)/(-20))?
20
Let p(j) = -2*j**2 - 2*j + 1. Suppose -13 = 4*f - 1. Let o be p(f). Let r = 25 + o. Calculate the remainder when 41 is divided by r.
13
Suppose 2*l - 4 = 3*t, 4*l + 2*t = 3*l + 9. Suppose l*a = -0*a + 25. What is the remainder when (2 - 0) + (11 - -1) is divided by a?
4
Let j(l) = -l**2 + 8*l + 12. Let z be j(9). Suppose 0 = -z*m + 2*m + 19. Calculate the remainder when m is divided by 10.
9
Let q be (30 + -3)*(-1 + 0). Let z = 5 - q. Suppose -3*a - 2 + z = 0. Calculate the remainder when 19 is divided by a.
9
Let g = -2 - -4. Suppose 0 = -8*j + 4*j - 8. What is the remainder when (j/(-4) - 3)*-2 is divided by g?
1
Suppose 4*w - 2*w - 306 = 0. Calculate the remainder when w is divided by 39.
36
Let u = 11 - 6. Let q(g) = g**3 - 5*g**2 + 2*g. What is the remainder when (-1*(9 - 3))/(6/(-27)) is divided by q(u)?
7
Let h(m) = m**2 - 2*m - 5. Let o be h(4). Let w(i) = 5*i - 1. What is the remainder when w(1) is divided by o/(-12) - 39/(-12)?
1
Let f = -1 + 1. Suppose 4*i - 62 = -2*w, i = -3*w - f*w + 73. What is the remainder when 67 is divided by w?
21
Let i(j) = -j**2 + 12*j + 14. Let s be ((-4)/12)/(2/66). Let p(d) = d**2 + 9*d - 10. Let n be p(s). What is the remainder when 27 is divided by i(n)?
13
Let f(k) = k + 9. Let b be f(-6). Suppose -v - 2*v = -36. Suppose m - b = 3*p, 3*p - v = m - 5*m. Calculate the remainder when 5 is divided by m.
2
Let k be 1/3*(5 + 4). Suppose -4 = -t + k. Calculate the remainder when 12/(-10)*30/(-3) is divided by t.
5
Let t = 42 - -65. What is the remainder when t is divided by 22?
19
Let t(r) = 8*r**3 - r**2 + r. Suppose i + 4*k = k + 4, k - 1 = 0. Calculate the remainder when t(i) is divided by ((-20)/(-6))/((-4)/(-6)).
3
Let n(o) = -o**3 + 15*o**2 + 3*o - 11. What is the remainder when n(15) is divided by 12?
10
Suppose 42 = -0*v + 3*v. Suppose -5*q + 5 = 5*t, -5*q = -q - 5*t - 13. Calculate the remainder when q is divided by v/(-35)*-1*5.
0
Suppose -15 = 9*q - 14*q. Suppose 23 = 5*j - 4*u, -2*u = 5*j - 19 - 22. Calculate the remainder when j is divided by q.
1
Let b = -3 - -7. Suppose -b*o + 5*j + 76 = 0, -4*o + 3*o = -j - 19. Calculate the remainder when o is divided by 7.
5
Suppose 3*v = -v + 28. What is the remainder when (-4)/(-14) + (-180)/(-7) is divided by v?
5
Let n(o) be the third derivative of o**5/30 + o**3/6 - o**2. What is the remainder when 26 is divided by n(2)?
8
Suppose -81 = -4*g + 19. Suppose 0 = -3*f + g + 35. Calculate the remainder when 39 is divided by f.
19
Let s = -10 + 21. Let a(m) = m**3 + 5*m**2 + 5*m + 3. Calculate the remainder when s is divided by a(-3).
5
Let d = -1 - -1. Suppose -l + 1 + 2 = d. Let a = 2 + 7. What is the remainder when a is divided by l?
0
Suppose -3*p = -0*p - 2*o - 40, -3*p - 4*o + 28 = 0. Calculate the remainder when (-107)/(-3) - (-4)/(-6) is divided by p.
11
Let o = -178 - -333. Let t be 2/11 + o/55. Suppose -106 = -t*x + 104. Calculate the remainder when x is divided by 24.
22
Let c = -8 + 19. Suppose 4*t - 153 = -5*r, -69 = 18*t - 20*t - r. What is the remainder when t is divided by c?
10
Suppose 3*i - 4*p - 61 = 0, -p + 16 = i + 2*p. Let h(u) = u**2 - 6*u - 11. What is the remainder when i is divided by h(8)?
4
Suppose -2*r + 0*r = -4. Suppose -r = -0*k - k. What is the remainder when 0 + -20*(-1)/k is divided by 4?
2
Calculate the remainder when 118 is divided by 1 + 255/11 - 14/77.
22
Let o(w) = -w**2 - 9*w - 2. Suppose -8*c = -3*c + 30. Suppose -4*i + 167 = 3*n, 4*n - 326 = 2*i - 74. What is the remainder when n is divided by o(c)?
13
Suppose -10 = -2*p - 3*p. Suppose 15 = 3*x + 3, p*x = 5*z - 82. Calculate the remainder when 35 is divided by z.
17
Suppose 0*c = -4*c + 40. Let f = -1 + c. Let h = -7 - -10. Calculate the remainder when f is divided by h.
0
Let z = 0 - 3. Let u be -2 - -62 - (z - -2). Suppose -r + u = -0*r. What is the remainder when r is divided by 21?
19
Let m(a) = -2*a + 3. Let z be m(-6). Suppose -z = 2*w - 3*w. Suppose 3*q = 5*g - 37, -5*g - 5*q + 30 + w = 0. Calculate the remainder when g is divided by 3.
2
Let d(m) = 3*m + 18. Suppose -26 = -3*q + q + 4*w, 0 = 2*q + 3*w - 26. What is the remainder when d(11) is divided by q?
12
Let c(t) = -t**3 - 2*t**2 + 7*t - 2. Let r(p) = 2*p + 13. Let l be r(-10). Let j(h) = -h**2 - 8*h + 6. Calculate the remainder when c(-5) is divided by j(l).
12
Let n be (12/(-2))/(-1) - 1. Suppose -n*m = -2*z - 113, -64 = -m - 2*m + 5*z. Calculate the remainder when m is divided by 8.
7
Suppose -5*x = -m + 16, 2*x + 45 = 4*m + x. Calculate the remainder when 43 is divided by m.
10
Let q = 42 + -27. Calculate the remainder when 74 is divided by q.
14
Suppose 9*f = 10*f - 19. Let d(u) = 55*u**3 - u**2 + u. Calculate the remainder when d(1) is divided by f.
17
Let c = 10 - 6. Let x be c + -3 + 0 + 2. Suppose x = z - 12. Calculate the remainder when z is divided by 8.
7
Let r(j) = j**2 - 6*j - 3. Let b be r(7). Suppose b = 3*v - v. Calculate the remainder when v is divided by 2.
0
Suppose 48 = 3*z - 0*z. Calculate the remainder when (-1 - (-4)/z)*-72 is divided by 14.
12
Let g(q) = -q**3 - 2*q**2 + q - 7. Calculate the remainder when 35 is divided by g(-4).
14
Let q be (-1 - (-12)/9)*15. Suppose 2*a - 5*a = q*c - 242, 0 = -3*a - 3. Calculate the remainder when c is divided by 17.
15
Suppose -2*k - 2*k = -8, -3*j = 5*k - 16. Suppose -2*y - j*y + 44 = 4*z, -3*z = 2*y - 31. Calculate the remainder when 24 is divided by z.
6
Suppose t + 223 = 3*k - 125, k + 5*t = 116. Calculate the remainder when k is divided by 39.
38
Suppose -3*o = -2*o + 41. Calculate the remainder when 16/(-24) + o/(-3) is divided by 26/6 - (-4)/6.
3
Let a = 40 - 28. Calculate the remainder when 45 is divided by a.
9
Let w be 2/7 - (-4)/(-14). Suppose -2*c + 26 = -2*j, 2*c - 4*j - 41 = -c. Suppose w*o + o = c. Calculate the remainder when 32 is divided by o.
10
Suppose 7*d + 26 = 131. What is the remainder when 41 is divided by d?
11
Suppose 0 = -2*o + 2, -3*q + q + 33 = 5*o. Suppose 2*c - 56 = 24. What is the remainder when c is divided by q?
12
Suppose 2*n = 5*f - 255, 0 = n - 3 - 2. What is the remainder when f is divided by 14?
11
Let a(f) = 3 - 3 - 2*f - 8. Calculate the remainder when 29 is divided by a(-8).
5
Let s(x) = 6*x - 3. Let k(z) = 8*z - 2. Let v(w) = -7*w + 1. Let n(t) = -2*k(t) - 3*v(t). What is the remainder when n(3) is divided by s(2)?
7
Let n(s) = s**3 - 6*s**2 - 2*s - 5. Let t = 18 + -10. Calculate the remainder when n(t) is divided by 27.
26
Suppos